1011464
-14167142 (base 9) to base 15
-937b15
-105954 (base 11) to base 6
-3341422
Convert -10051345 (base 6) to base 10.
-286769
What is -45503433 (base 7) in base 12?
-13b4159
Convert -5406707 (base 8) to base 12.
-5984b3
Convert 4a640 (base 16) to base 3.
120110222100
-11de90 (base 16) to base 10
-1171088
2111011200001 (base 3) to base 5
314302124
What is -110111011011001110 (base 2) in base 10?
-227022
-6f7c7 (base 16) to base 3
-212012101212
What is 221772 (base 9) in base 15?
2943b
Convert 17d50a (base 15) to base 10.
1158760
2767771 (base 9) to base 6
52335101
Convert -20200111022112 (base 3) to base 6.
-204051235
Convert -30666641 (base 8) to base 15.
-88aa89
Convert 141410232 (base 5) to base 8.
2625446
Convert -4304223 (base 5) to base 4.
-101223312
What is 111201 (base 4) in base 9?
1800
27013202 (base 9) to base 14
1aa1145
-2aa05 (base 12) to base 16
-eb25
What is abdac (base 15) in base 6?
15413530
Convert -1594b92 (base 15) to base 7.
-250046516
What is 184a892 (base 11) in base 12?
1071040
17dc3 (base 15) to base 8
227056
What is -2ca22d (base 15) in base 7?
-24235546
Convert 92805 (base 14) to base 15.
6e805
What is 275944 (base 11) in base 3?
210222010010
What is -73418 (base 14) in base 3?
-112010021110
What is 4152117 (base 9) in base 12?
8b02b1
Convert -1001011010100111001000 (base 2) to base 5.
-1112441141
-2151704 (base 9) to base 15
-17c7e1
Convert 115ba9 (base 14) to base 12.
2468b5
Convert -28455 (base 14) to base 2.
-11000010100111011
Convert -110001100001010001 (base 2) to base 5.
-22442313
222121021201020 (base 3) to base 16
d7baa0
What is 401a2c (base 14) in base 9?
4045470
Convert -324200412 (base 5) to base 12.
-574532
What is 23080 (base 11) in base 7?
166161
cc634 (base 16) to base 13
23408b
Convert 4265 (base 14) to base 16.
2cc1
What is -73554 (base 8) in base 10?
-30572
Convert 96101a (base 14) to base 9.
10482702
Convert -11141 (base 16) to base 15.
-15ad8
12530021 (base 6) to base 7
3351625
Convert -5142850 (base 9) to base 7.
-32220615
17374208 (base 9) to base 12
2b0b768
Convert -32113123 (base 4) to base 14.
-17631
Convert 13331300 (base 7) to base 16.
12d6ac
-1023223010 (base 4) to base 7
-2430443
Convert -c2500 (base 13) to base 2.
-1010100111101000011
What is -1010110110010000101 (base 2) in base 16?
-56c85
-255673 (base 10) to base 9
-428641
Convert 37576840 (base 9) to base 5.
14203241344
Convert 10101011011010 (base 2) to base 6.
122442
Convert 17bbcb (base 16) to base 6.
53200535
What is 256126 (base 9) in base 3?
21220010220
What is -200202332201 (base 4) in base 11?
-48a8139
451010 (base 8) to base 6
3132012
What is 915143 (base 14) in base 6?
252511515
-1292a (base 13) to base 5
-2101022
Convert -4431442 (base 5) to base 7.
-440563
Convert 41888d (base 14) to base 4.
20130113231
-70a3 (base 11) to base 8
-22326
What is -56597 (base 15) in base 8?
-1030322
What is -11133312200 (base 4) in base 13?
-3b5c94
What is -925ec (base 16) in base 12?
-24ab50
3560234 (base 8) to base 10
975004
-4a2703 (base 11) to base 7
-6515144
Convert -10100001000100001101 (base 2) to base 12.
-279951
What is -210010021222 (base 3) in base 15?
-832b5
What is 3011a0 (base 14) in base 10?
1616552
Convert -27442110 (base 8) to base 6.
-340225120
20232444 (base 5) to base 11
102862
What is 4a2a36 (base 12) in base 9?
2240486
What is 23233130 (base 5) in base 10?
211665
Convert 1122200101021 (base 3) to base 15.
1258a1
What is -1379249 (base 12) in base 16?
-3b6919
Convert -de623e (base 15) to base 5.
-10203221014
What is 461497 (base 11) in base 2?
10110011001100010011
Convert -128aba0 (base 14) to base 2.
-100010000111001010101000
What is -300203320 (base 4) in base 2?
-110000100011111000
Convert 1103768 (base 13) to base 7.
62151506
Convert -1033330 (base 6) to base 16.
-c876
What is -c24e68 (base 15) in base 3?
-122100221212022
3255541 (base 6) to base 13
59425
Convert 21300420 (base 5) to base 11.
114293
-2c8a902 (base 13) to base 3
-1000000121202011
What is 395074 (base 10) in base 14?
a3d98
-104353353 (base 6) to base 12
-775859
Convert -b6b32 (base 15) to base 10.
-579647
Convert 35402531 (base 6) to base 9.
2063471
What is -1100010001110010 (base 2) in base 7?
-266422
Convert -1110001110010111 (base 2) to base 15.
-123e3
Convert 21011210100121 (base 3) to base 2.
1110100011001111110011
-249a10 (base 12) to base 10
-597612
-262dc (base 16) to base 6
-3203552
-10111011110011101001 (base 2) to base 16
-bbce9
-131331202 (base 5) to base 7
-5354012
-136024 (base 16) to base 13
-355c78
52561 (base 10) to base 14
15225
Convert -264a613 (base 11) to base 4.
-101132222122
Convert -12dd96 (base 14) to base 4.
-2133123100
Convert 22c9d (base 15) to base 16.
1b100
What is -453402 (base 9) in base 14?
-70d3c
What is 1911838 (base 11) in base 10?
3238001
What is 111220004 (base 8) in base 12?
6525058
What is -1100000111001101 (base 2) in base 9?
-75045
1434050 (base 6) to base 10
82542
What is 11111110101010001 (base 2) in base 7?
1052063
Convert -3272725 (base 9) to base 16.
-1adc8c
Convert 4d973d (base 14) to base 4.
22031201123
Convert 2111122122112 (base 3) to base 5.
320103002
What is 36d6f (base 16) in base 11?
143843
545553 (base 6) to base 11
31094
What is -24069b4 (base 12) in base 4?
-122213320120
What is 233162123 (base 7) in base 4?
312313333313
430796 (base 13) to base 2
101111111110101000001
Convert 1416b (base 13) to base 9.
56525
-d5332f (base 16) to base 5
-12034103041
What is 161244 (base 9) in base 3?
12001021111
110212012001 (base 3) to base 6
5231431
11002002110 (base 3) to base 16
13980
Convert -2034024211 (base 5) to base 7.
-50512163
Convert 368378 (base 9) to base 5.
24111114
What is 3406262 (base 8) in base 16?
e0cb2
Convert -261aa9 (base 14) to base 2.
-101000000000100010101
Convert 10001101101010010100 (base 2) to base 6.
20234152
What is -102201122020 (base 3) in base 13?
-810b1
What is 211202122 (base 4) in base 16?
2589a
What is 1c55a4 (base 13) in base 2?
10110001001111100101
What is -3489023 (base 10) in base 14?
-66b71d
What is -20121341 (base 7) in base 9?
-3123652
-5707237 (base 9) to base 15
-40b567
Convert 4054c32 (base 13) to base 16.
128f322
What is 1120742 (base 11) in base 2?
111011111001100100011
Convert -6953 (base 13) to base 4.
-3212303
Convert 103583 (base 10) to base 11.
70907
What is 7436414 (base 8) in base 12?
7b69a4
What is 49b586 (base 14) in base 4?
21221101002
What is -524355 (base 10) in base 12?
-213543
What is 38c734 (base 14) in base 10?
1955146
Convert 423434 (base 6) to base 7.
202420
Convert 521343550 (base 6) to base 15.
bd6b03
6202214 (base 7) to base 2
10110100101111001111
Convert -100021132111 (base 4) to base 7.
-50660266
Convert -134211440 (base 5) to base 14.
-1411da
1600443 (base 7) to base 6
4404330
What is -55389 (base 12) in base 11?
-77878
Convert 13467164 (base 8) to base 2.
1011100110111001110100
What is -1625143 (base 8) in base 16?
-72a63
What is -4a0e19 (base 16) in base 9?
-10116385
Convert -100000001101000000101 (base 2) to base 13.
-2ac401
Convert -71f049 (base 16) to base 14.
-dc534d
Convert 1132112 (base 6) to base 4.
32112230
What is 21b7 (base 14) in base 12?
3471
What is b285a5 (base 13) in base 9?
7740272
What is -844848 (base 9) in base 13?
-1477b2
102e31 (base 16) to base 7
12004356
Convert 121761 (base 16) to base 12.
492169
-122111100 (base 5) to base 2
-10001110000110001001
What is -101010000010000011 (base 2) in base 15?
-36028
-30423220 (base 5) to base 6
-5154424
Convert 4655326 (base 7) to base 5.
122212300
What is 364834 (base 9) in base 3?
102011221011
1320403113 (base 5) to base 10
3294158
-3511a4 (base 11) to base 15
-b049e
What is bdea53 (base 15) in base 12?
304b650
What is 100020210021 (base 3) in base 15?
38e4a
What is 29c4c2 (base 15) in base 3?
10210102101002
What is -90849 (base 10) in base 12?
-446a9
Convert -1066511 (base 8) to base 11.
-188a77
110010001010110100 (base 2) to base 7
1514050
-24a9426 (base 11) to base 10
-4346227
Convert -10111110000101101 (base 2) to base 15.
-1dc85
What is 718393 (base 13) in base 10?
2645815
Convert 1052331042 (base 6) to base 16.
b0f942
What is -1001101011010110010010 (base 2) in base 5?
-1122134400
What is -39574 (base 11) in base 6?
-1113552
111011101010110 (base 2) to base 8
7